sor of z and j?
9
Suppose -804 = -6*o + 3*o. Let j be o/9 + (-2)/(-9). Let i = 25 + -15. Calculate the greatest common divisor of j and i.
10
Suppose 58 = 8*x - 46. What is the highest common divisor of 52 and x?
13
Let b = -4 + 1. Let d = b - -6. Let n = 7 - d. Calculate the greatest common divisor of n and 6.
2
Suppose -3*l - 27 = -177. Calculate the greatest common factor of 350 and l.
50
Let b be (-4)/(-8) + (1074/4)/3. Calculate the highest common divisor of b and 18.
18
Suppose -3*p + 366 - 138 = 0. Suppose -4*x + 15 + 189 = 0. Let f = p - x. What is the highest common divisor of f and 75?
25
Let k = -99 - -139. What is the greatest common factor of k and 8?
8
Let m be ((-20)/16)/(1/4). Let d = m - -8. Let j be 2 + -2*2/4. Calculate the greatest common factor of j and d.
1
Let v(m) = m**2 - 3*m + 3. Let s be v(3). Suppose -5*h - 8 = -18. Suppose -4 = h*t - 34. What is the highest common divisor of t and s?
3
Let n(k) = k - 1. Suppose 0*u - q + 6 = u, -q = 5*u - 22. Let p be n(u). Suppose -2*l + 11 = -7. Calculate the greatest common factor of l and p.
3
Let k be 2177/14 + 9/(-6). What is the greatest common divisor of 22 and k?
22
Let p be (-2)/(-4)*(4 + -18). Let q = p + 15. Calculate the highest common divisor of 32 and q.
8
Suppose -5*d - 3*h = 2*h - 205, 2*d - 92 = -4*h. Suppose 12 = 2*w + w. Let c be (1 - w) + 2 + 5. What is the greatest common factor of c and d?
4
Let o(l) = 2 - l + 9 - l + l. Let j be o(8). Calculate the highest common divisor of j and 24.
3
Let c be (2 + (-3)/2)*4. Suppose 52 = 4*a - 4*i, i - 19 = -3*a + c*a. Calculate the highest common factor of 4 and a.
4
Let j(x) = -2*x**3 - 5*x**2 + x - 2. Let t be j(-4). Calculate the highest common divisor of t and 28.
14
Let n be -2 - (0 - 1)*17. Suppose 0 = 3*z + x - 924, 0 = -z - z + 2*x + 624. Let u = z - 219. What is the highest common factor of u and n?
15
Let s be ((-20)/(-6))/((-4)/(-42)). Calculate the greatest common divisor of 5 and s.
5
Let t be (3*-2)/(2/(-5)). Suppose -6 - 46 = -2*a. Suppose -1 = 5*s - a. What is the greatest common divisor of t and s?
5
Suppose -57 = -2*r + 79. Suppose -2*d = 2*o + 10 - 48, -o + d = -15. What is the greatest common factor of r and o?
17
Let y = 55 - 24. Calculate the highest common divisor of y and 31.
31
Let w be (-12)/(3/((-3)/2)). What is the highest common divisor of w and 30?
6
Let o(c) = -c + 7. Let r be o(-12). Calculate the highest common factor of 114 and r.
19
Suppose -5*x + 5*i + 160 + 160 = 0, -i = -5*x + 320. What is the highest common divisor of x and 320?
64
Let s(r) = -r**2 - r + 4. Let k be s(0). Suppose t = k*t + 12. Let q be (0 + -2)*t/1. What is the highest common divisor of 32 and q?
8
Suppose -2*u - 12 = -p, 0*u - 28 = -4*p + 4*u. Suppose -c = -s + 39, 33 = p*s - 4*c - 39. Calculate the highest common divisor of 21 and s.
21
Let w be 4 + (-4)/4 - -3. Let b(u) = u. Let s be b(6). Calculate the greatest common factor of w and s.
6
Let s(j) = -j**2 + 10*j + 2. Let q be 4*(-3)/(-6 - 0). Suppose -6*z + 24 = -q*z. Let i be s(z). What is the greatest common factor of 65 and i?
13
Let a be -6*1/3*-4. Suppose -2*d = r - 540, -5*d = -a*d. Suppose 384 = 4*l - r. What is the highest common divisor of l and 21?
21
Let z(d) = 2*d**2 - 1 + 1 - 2*d + 5*d. Let m be z(3). What is the greatest common divisor of m and 108?
27
Suppose -3*n - 2*n + 51 = 2*a, 0 = 4*n - 2*a - 48. Calculate the greatest common divisor of n and 55.
11
Suppose 5 = 4*m + 5*z, -m = -2*z + 2 + 13. Let b be (-56)/(-10) + (-2)/m. Let v = 8 - b. Calculate the highest common divisor of v and 3.
1
Let a(j) = -j**3 + 4*j**2 + 6*j - 1. Let t be a(5). Suppose c = 0, -2 = u + t*c - 7. Suppose -4 = -3*p - 1. What is the highest common factor of u and p?
1
Suppose 220 = -3*n + 64. Let k = n - -82. What is the highest common factor of 75 and k?
15
Let u = -80 - -81. What is the highest common factor of 9 and u?
1
Let r(a) = -14*a - 1. Suppose -6*z = 5*l - 3*z - 10, -4*z = -20. Let t be r(l). Calculate the greatest common factor of t and 78.
13
Let c be (-4)/8 + 97/2. Suppose -3 + c = 5*j. Calculate the highest common divisor of j and 1.
1
Let l be (-32)/(-3) + 2/6. Let m(o) = 5*o. Let p be m(1). Let t = p + 6. What is the greatest common divisor of l and t?
11
Suppose -5*c = -3*b - 171, -c - b = -24 - 15. Let y(t) = t**3 + 7*t**2 + 5*t - 7. Let v be y(-5). Let i = v - -6. What is the greatest common factor of c and i?
12
Suppose 4*j - 79 = 57. Let h(n) = -5*n**3 + 2*n**2 - 2*n - 1. Let t be h(-2). Calculate the greatest common divisor of j and t.
17
Suppose -b + 120 = 2*b. Let s(r) = -28*r + 31*r - 2 - 2. Let i be s(8). Calculate the highest common factor of b and i.
20
Suppose -15 + 100 = 5*l. Let n = 28 - l. Suppose 3*t + 6*x - x - n = 0, 0 = t - 2*x. Calculate the highest common factor of t and 6.
2
Suppose 10 = 2*c + 2. Suppose 0*o + 40 = -2*o. Let a be (-2 - -1)/(2/o). Calculate the greatest common divisor of a and c.
2
Suppose 2*m - 435 = -3*m. Suppose m - 21 = 3*u. Calculate the greatest common divisor of u and 44.
22
Let z be 2 - (-244*1)/4. Let h = 16 - -1. Let g = 24 - h. Calculate the greatest common factor of g and z.
7
Suppose 5*m = 1 - 6. Suppose u + 0 - 4 = 0. Let z = m + u. What is the greatest common factor of 33 and z?
3
Suppose -3*q = -13 - 101. Calculate the greatest common factor of q and 418.
38
Let a be 708/30 - (-6)/15. What is the greatest common factor of a and 3?
3
Let k(u) = -u**3 + 5*u**2 + 9*u + 1. Let n be k(-5). Let p = n + -22. What is the highest common factor of 23 and p?
23
Suppose 77 + 211 = 2*i. Let r = 17 - -7. Suppose -r = 5*m - 104. Calculate the greatest common divisor of i and m.
16
Let d be 746/14 + 1 - (-4)/(-14). What is the greatest common divisor of 6 and d?
6
Let a = 5 - -1. Suppose 20 = f + 4*f. Suppose -y = -i + 43, 0 = 2*i - y - f*y - 89. What is the greatest common factor of a and i?
6
Let u be (3 - 0)*2/6. Let i = 2 + -2. Let v be 3 + i + (115 - u). Calculate the highest common divisor of 13 and v.
13
Let n(c) = -c + 5. Let l be n(0). Suppose l*f = 145 + 125. What is the greatest common divisor of 36 and f?
18
Suppose 9 - 51 = -3*x. Let g(l) = -l**3 - 2*l + 2. Let u be g(3). Let i = u - -129. Calculate the greatest common factor of i and x.
14
Suppose 2*w = -3*n + 135, -n - 6*w = -w - 45. Suppose -75 = -7*t + 2*t. Calculate the greatest common factor of n and t.
15
Suppose -3*o + 1 = 19. Let l be (-20)/(-2)*o/(-4). Calculate the greatest common divisor of 75 and l.
15
Let j(d) = 2*d - 1. Let c be j(3). Suppose n - 62 = -4*f, -c = -f - 5*n + 20. What is the highest common factor of 3 and f?
3
Let w(o) = -4*o - 2. Suppose -2*d - 3*d + 5 = 0. Let m = d + -3. Let h be w(m). What is the highest common factor of 42 and h?
6
Let u = -39 - -48. Calculate the greatest common divisor of 18 and u.
9
Let v be 1*3*512/12. What is the highest common factor of 32 and v?
32
Suppose -2*k - k = -27. Let t = -33 + 114. Calculate the greatest common divisor of t and k.
9
Let q be ((-19)/(-57))/((-2)/(-78)). Calculate the highest common factor of 65 and q.
13
Suppose 0*n + 4*n = 16, d = 5*n - 14. Let q = 12 - d. Let x = 8 - -40. Calculate the greatest common divisor of q and x.
6
Suppose -b = -3*h - h + 8, -5*b + 3*h = -45. Let t(i) = i**3 - i**2 + 3*i - 3. Let x be t(3). Calculate the highest common divisor of b and x.
12
Suppose -7*n + 20 = -5*n. What is the greatest common divisor of n and 30?
10
Let x be 11 + -1 + -1 + 2. Let h(u) = u - 6. Let p be h(7). What is the highest common divisor of p and x?
1
Let t be 608/28 - (-4)/14. Suppose -4*z - 47 = -5*z - 3*l, 0 = 3*z + l - 133. What is the greatest common factor of t and z?
22
Let o = 1 - -1. Suppose -3*d + o*t = 4*t + 4, -2*d - 4*t - 16 = 0. Suppose -z + 3 = -0*z, 0 = -d*b - z + 143. Calculate the greatest common divisor of b and 28.
14
Suppose 0*o + o - 1 = 0. What is the greatest common factor of o and 2?
1
Let b = -36 - -64. What is the highest common factor of 14 and b?
14
Suppose -4*a - 5*z = -34, a = -2*a - 2*z + 22. Let h be ((-20)/3)/(a/(-81)). Suppose t - h = -3*w - 12, 9 = 3*t. What is the greatest common factor of 5 and w?
5
Suppose -2 = 3*z - 17. Suppose z*x - 6*w + w + 50 = 0, x + 2*w = -25. Let c be (-2)/6*1*x. Calculate the highest common divisor of 10 